e of 423?
False
Is 7809 a factor of 1024882524?
False
Is 23 a factor of 126476195?
True
Does 350 divide 39581150?
True
Does 1031 divide 4543387?
False
Is 29249411 a multiple of 15?
False
Is 278288969 a multiple of 4?
False
Is 85 a factor of 628317540?
False
Does 80 divide 48433954?
False
Is 1782677 a multiple of 36?
False
Does 254 divide 83030850?
False
Is 24729817 a multiple of 2191?
True
Is 17032028 a multiple of 34?
True
Is 806 a factor of 15099301?
False
Does 2 divide 29030607?
False
Is 9 a factor of 293763321?
True
Does 51 divide 128454137?
False
Is 969354975 a multiple of 13?
False
Is 12 a factor of 82410461?
False
Is 64 a factor of 26023695?
False
Is 2005302 a multiple of 6?
True
Is 58133545 a multiple of 230?
False
Is 90 a factor of 28983870?
True
Does 2222 divide 901880914?
True
Is 300730965 a multiple of 811?
True
Is 1031767 a multiple of 734?
False
Does 35 divide 479220525?
True
Is 15229460 a multiple of 98?
False
Does 925 divide 22442350?
True
Is 2585384533 a multiple of 218?
False
Is 10839580 a multiple of 197?
False
Is 171566927 a multiple of 4?
False
Does 3 divide 36499135?
False
Is 178 a factor of 704212500?
True
Does 7 divide 1064546469?
True
Is 3867190380 a multiple of 129?
True
Is 1002538584 a multiple of 1707?
False
Does 788 divide 313144108?
True
Is 85876547 a multiple of 29?
False
Is 206259906 a multiple of 989?
True
Is 2747329921 a multiple of 1897?
False
Is 964 a factor of 31492317?
False
Is 3401797664 a multiple of 292?
True
Is 119702660 a multiple of 11?
True
Is 4201497 a multiple of 183?
True
Is 1424 a factor of 530488416?
True
Is 1880126796 a multiple of 135?
False
Does 3626 divide 908457486?
False
Is 477395997 a multiple of 83?
True
Does 31 divide 2560438859?
False
Does 164 divide 151025632?
True
Does 125 divide 1524735625?
True
Does 546 divide 10789659?
False
Is 14988610 a multiple of 910?
True
Is 4040904887 a multiple of 2969?
False
Is 37 a factor of 161071598?
False
Does 3014 divide 36556038?
False
Is 114 a factor of 1790017284?
True
Is 202508716 a multiple of 146?
True
Does 193 divide 3724389791?
False
Is 103548131 a multiple of 1509?
False
Does 151 divide 218714289?
True
Is 163 a factor of 544202884?
True
Is 445852086 a multiple of 1689?
True
Does 79 divide 344810747?
True
Is 387 a factor of 2017173448?
False
Is 199 a factor of 25986208?
False
Is 15 a factor of 513026580?
True
Is 5445 a factor of 1169294660?
False
Is 84 a factor of 31781422?
False
Is 392764458 a multiple of 4582?
True
Is 216 a factor of 9867312?
True
Does 2155 divide 4566725?
False
Does 194 divide 468677810?
True
Is 936961277 a multiple of 60?
False
Does 11 divide 462254199?
True
Is 4 a factor of 18660868?
True
Is 22512838 a multiple of 300?
False
Is 43534296 even?
True
Is 1677 a factor of 4903455765?
True
Does 18 divide 32681232?
True
Does 38 divide 172564270?
True
Does 395 divide 19097460?
True
Is 552 a factor of 28933080?
True
Is 30597105 a multiple of 77?
True
Does 73 divide 69465091?
False
Is 21629920 a multiple of 80?
True
Is 3392 a factor of 1469026945?
False
Is 21 a factor of 47329486?
False
Is 46 a factor of 68855964?
False
Is 983 a factor of 213595670?
False
Does 101 divide 29162613?
False
Does 3840 divide 1665972?
False
Is 44330842 a multiple of 2611?
False
Is 1011 a factor of 48679650?
True
Is 278770660 a multiple of 214?
False
Is 22012991 a multiple of 262?
False
Is 5875224 a multiple of 666?
False
Is 704 a factor of 317669440?
True
Does 14 divide 1905967803?
False
Does 11 divide 46135770?
False
Is 591273 a multiple of 26?
False
Is 7796 a factor of 700501784?
True
Is 80008327 a multiple of 2?
False
Is 11893966 a multiple of 245?
False
Is 3089 a factor of 1037246043?
True
Is 7 a factor of 363203995?
True
Does 10 divide 6435593?
False
Is 150634566 a multiple of 54?
True
Is 33 a factor of 40510123?
False
Does 12 divide 1090683948?
True
Does 80 divide 544824420?
False
Is 274117207 a multiple of 611?
True
Is 26 a factor of 4445400?
False
Does 74 divide 1046729810?
False
Is 38 a factor of 271672488?
True
Does 198 divide 22745646?
True
Does 1341 divide 363647254?
False
Is 30756100 a multiple of 11?
False
Does 466 divide 42422372?
False
Is 14829486 a multiple of 15?
False
Is 12 a factor of 112710192?
True
Does 13 divide 1032226?
True
Does 315 divide 232229025?
True
Is 5372 a factor of 1627098220?
True
Is 363 a factor of 596002803?
True
Is 74289946 a multiple of 5?
False
Is 395 a factor of 18616015?
False
Is 20317396 a multiple of 13?
False
Is 317 a factor of 59489171?
True
Is 13 a factor of 3368937?
True
Does 75 divide 7755450?
True
Does 798 divide 97590203?
False
Is 13 a factor of 80655874?
True
Does 45 divide 108222535?
False
Is 382527164 a multiple of 5846?
True
Does 6 divide 42797442?
True
Is 166754 a multiple of 554?
True
Does 24 divide 99742277?
False
Does 4897 divide 135738581?
False
Does 547 divide 18579402?
True
Does 648 divide 24670572?
False
Is 1373786568 a multiple of 484?
True
Is 356721130 a multiple of 476?
False
Is 217742140 a multiple of 155?
True
Is 11 a factor of 72890593?
False
Is 34 a factor of 208824294?
True
Is 29152214 a multiple of 26?
True
Is 23 a factor of 184855554?
True
Is 5511341741 a multiple of 20?
False
Is 98 a factor of 25211960?
False
Is 46 a factor of 2350984606?
True
Is 12 a factor of 1461977028?
True
Does 182 divide 31724072?
False
Does 425 divide 105378750?
True
Is 14231789 a multiple of 143?
True
Is 79 a factor of 1165233726?
True
Is 12 a factor of 421624127?
False
Is 219 a factor of 404624366?
False
Is 123700146 a multiple of 57?
True
Is 3402434 a multiple of 30?
False
Is 12812768 a multiple of 862?
True
Is 231 a factor of 8993150?
False
Is 2572 a factor of 144952681?
False
Does 10 divide 810781770?
True
Does 308 divide 40410416?
False
Is 630 a factor of 2652115332?
False
Is 38 a factor of 79538218?
True
Does 76 divide 131017616?
True
Is 51467614 a multiple of 2306?
True
Does 34 divide 125271192?
False
Is 57 a factor of 7760094?
True
Does 16 divide 944521319?
False
Is 8931921 a multiple of 435?
False
Is 505 a factor of 6735690?
True
Is 3 a factor of 144351351?
True
Is 344003625 a multiple of 45?
True
Does 288 divide 3944182176?
True
Does 1291 divide 127505727?
False
Does 2647 divide 42494938?
True
Does 32 divide 71092557?
False
Is 240 a factor of 82476000?
True
Is 166013322 a multiple of 939?
True
Is 33625705 a multiple of 895?
False
Is 11 a factor of 52281676?
False
Is 16 a factor of 1778373417?
False
Does 3 divide 1957826?
False
Does 170 divide 6260420?
True
Is 231 a factor of 60961131?
True
Does 7 divide 35100770?
False
Does 85 divide 211021595?
True
Is 6048483 a multiple of 8?
False
Does 3346 divide 246424301?
False
Does 10 divide 7435270?
True
Does 137 divide 5707694?
True
Is 20 a factor of 169531832?
False
Is 34660760 a multiple of 40?
True
Does 425 divide 7274422?
False
Is 4621 a factor of 2553433274?
False
Is 265878270 a multiple of 1199?
False
Is 26466406 a multiple of 5?
False
Is 87623888 a multiple of 451?
True
Does 40 divide 170168585?
False
Is 611222 a multiple of 322?
False
Does 41 divide 134143779?
False
Is 90698014 a multiple of 181?
True
Is 14788209 a multiple of 31?
True
Does 43 divide 3065764851?
True
Is 85794951 a multiple of 11?
True
Does 43 divide 8310954?
True
Is 16 a factor of 1803295204?
False
Is 6070456602 a multiple of 366?
True
Is 75 a factor of 21210660?
False
Does 6 divide 39415356?
True
Does 284 divide 34981499?
False
Is 1192 a factor of 1910071107?
False
Is 30 a factor of 94900170?
True
Does 947 divide 79830206?
True
Is 7153736 a multiple of 235?
False
Is 82243665 a multiple of 3297?
True
Is 533 a factor of 152519549?
True
Is 16446541 a multiple of 2802?
False
Is 105682403 a multiple of 9?
False
Is 354791 a multiple of 8?
False
Does 78 divide 3322956?
True
Does 105 divide 9544815?
True
Is 256 a factor of 33008115?
False
Is 814 a factor of 1164808935?
False
Is 29 a factor of 50303922?
True
Does 240 divide 50561760?
True
Is 4688 a factor of 45220891?
False
Is 9 a factor of 221037616?
False
Is 563 a factor of 3725161?
False
Is 1846 a factor of 1060907276?
True
Is 3258192 a multiple of 7?
True
Is 92326146 a multiple of 6?
True
Is 1684 a factor of 4484492?
True
Is 917 a factor of 62223869?
False
Is 57 a factor of 271627273?
False
Is 61 a factor of 546011?
True
Is 3005